7)*(j - -24) composite?
True
Is (-102)/(-68) - ((-1622740)/8 + 3) prime?
True
Suppose 6 = -b + 3. Let g be 6274/b*((-52)/8 - -5). Let i = g + -2082. Is i prime?
False
Let s(p) = 84*p - 101. Let x(w) = -168*w + 200. Let t(h) = -7*s(h) - 3*x(h). Is t(-26) a composite number?
True
Let v(g) = 93*g - 11. Suppose 6 + 12 = 6*b. Let t be b/(-3) + (-7)/(-1). Is v(t) a prime number?
True
Let t be (-121)/(-242)*(0 - -60). Let p(f) = 5*f**2 - 27*f - 53. Is p(t) a composite number?
False
Let o be 8*-10*5/(-20). Suppose -4*p - x = -2*x - 29, 0 = 4*x + o. Let l(t) = 87*t**2 + 12*t - 1. Is l(p) a composite number?
False
Let r(s) = 18*s**2 - 89*s + 733. Is r(-62) a prime number?
False
Let y(l) = 6*l**3 - 30*l**2 + 42*l - 43. Is y(49) a prime number?
True
Suppose 4*t - 48 = 4*m + 8, t + 19 = -2*m. Let a(p) = -8*p**2 - 18*p - 19. Let l(n) = -n**2 - n - 1. Let s(g) = -a(g) + 6*l(g). Is s(m) prime?
False
Let u(m) = 6254*m + 7175. Is u(48) composite?
False
Let u = 11363 + -3424. Is u a composite number?
True
Suppose 2*w - 1906796 = j, -w + 2*j + 599905 = -353490. Is w prime?
True
Suppose -13*g + 0*g + 3512328 = 11*g. Is g composite?
False
Suppose 18434 + 85018 + 107113 = 5*d. Is d a composite number?
True
Let q = 106 + -106. Suppose q = -33*g + 39*g - 2802. Is g prime?
True
Let i = 21957 - -154690. Is i prime?
False
Is 1665*70 + 0 + (-2 - -1) a prime number?
True
Let m(t) = 93*t**2 + 44*t - 829. Is m(42) prime?
False
Suppose a = -0*j + 4*j + 21040, 4*j - 21040 = -a. Suppose -10*k = -6*k - g - a, 5*g + 15763 = 3*k. Is k a composite number?
False
Let i(v) = 123*v**2 + 2*v + 1. Let g = -65 + 29. Let k be g/(-30)*(-20)/6. Is i(k) a prime number?
False
Let y(g) = 223*g**3 - 8*g**2 + 4*g. Let a be y(5). Suppose 8*q - a = 16849. Suppose 6*h - 4254 = q. Is h a prime number?
True
Suppose 9*l + 42 + 21 = 0. Let t = l + -1. Is (-19344)/(-30) + t/10 + -3 prime?
True
Let i(k) = 773*k + 8. Suppose -5*l + 3 = -4*l + 2*y, 0 = 4*y. Is i(l) a composite number?
True
Let b = -335 - -1382. Let r = -8898 - b. Is (-1)/(r/4971 - -2) composite?
False
Suppose -3*c = 3*h + 9, -32 = 3*c + 5*h - 13. Suppose -b - v + 2903 = 0, -3*b + 8709 = 3*v - c*v. Is b a prime number?
True
Suppose 16*w - 23475 = 11*w. Suppose 5*n + 9973 = 2*k, -2*n + 5257 = 2*k - w. Is k a prime number?
False
Let c(a) = -217*a**2 + 7*a - 8. Let s(n) = 650*n**2 - 21*n + 24. Let z(j) = 17*c(j) + 6*s(j). Let i be z(8). Is i/40 + 3/5 composite?
False
Let n be (84/5)/(1/(-50)). Let i(t) = -3*t**3 + 20*t**2 - 129*t + 1. Let z be i(8). Let p = n - z. Is p a composite number?
True
Let l be 1*((-24)/(-2))/((-9)/(-12)). Let o = l + -23. Let u(f) = 6*f**2 - 6*f - 15. Is u(o) a composite number?
True
Let a(s) = -10332*s + 10075. Is a(-68) composite?
False
Suppose -2*p = -5*p - 2*m + 198823, -4*p + 3*m = -265069. Is p composite?
False
Let b be 6 - (4 + -1)*-11. Suppose -20*x = -b*x + 12787. Is x a prime number?
True
Let y = -353469 - -718268. Is y a composite number?
True
Let b be ((-3)/(-6))/(5/(-1950)). Is 1690/b*762/(-4) a prime number?
False
Suppose m + 69 = 4*m - 2*u, m - 24 = u. Suppose -2586 = m*y - 23*y. Suppose -4*p - y = -5761. Is p prime?
True
Let i = 17 + -12. Suppose i*g - 227 = 143. Is g composite?
True
Suppose -4*s = -3*p - 212181, -76*s + 74*s + p + 106089 = 0. Is s prime?
False
Suppose -80 - 11 = 7*g. Let q = 2 + g. Is (q + 1)/(1 - (-13)/(-11)) composite?
True
Let i be 70/18 + (-10)/(-90). Let n be 4/(5 + 0 - i). Suppose 0 = -2*u - u + n*a + 603, 814 = 4*u - 2*a. Is u a composite number?
True
Suppose 15*s - 17*s = 10*s - 3703956. Is s prime?
True
Let t be (-6)/8 - 0 - 25/20. Let s = -19 + 17. Is (-633)/(-12) - t/(-16)*s a prime number?
True
Let n(t) = t**3 - 16*t**2 - 4*t + 54. Let g be n(16). Is (2/((-4)/5839))/(g/20) composite?
False
Let d(c) = -371*c + 1923. Is d(-56) a composite number?
False
Let x = -19311 - -11269. Let s = 11701 + x. Is s a composite number?
False
Let z = 140884 + -99417. Is z composite?
False
Let h be 939/2*(-13)/(156/8). Let w be 6*6/9 - (3 + h). Let z = -187 + w. Is z a composite number?
False
Suppose 23718 = 3*a - 0*a. Let u = -24 - -41. Suppose u*w - 15*w - a = 0. Is w prime?
False
Let z(n) = -9240*n**3 + 2*n. Let c be z(-2). Is (-1)/(8662/c + (-20)/170) a composite number?
True
Let n(d) = -d**3 + 6*d**2 - 5*d - 48. Let g be n(-10). Let h = g + -901. Is h a composite number?
False
Suppose -3*l + 5*b + 27 = -4*l, -1 = -2*l + b. Is ((-308604)/(-42) - l/7) + 1 a composite number?
False
Let k = 263 - 260. Is ((-128675)/10)/((3/(-2))/k) a composite number?
True
Is -2 - (-2)/3*6 - -249701 a composite number?
False
Let d(m) be the third derivative of m**6/60 - 9*m**5/20 - 15*m**4/8 - 43*m**3/6 + m**2 + 65*m. Is d(21) prime?
False
Let b(i) = -i - 15. Let w be b(-17). Let h be (w/(-2))/(-1 + 7512/7516). Suppose -4*u + 1010 + 244 = 2*o, 0 = -3*o - 5*u + h. Is o prime?
False
Let d(s) = 177*s**2 - 352*s - 378. Is d(73) a composite number?
False
Let i(m) = 2954*m**2 - 31*m + 100. Is i(7) a composite number?
False
Suppose 4*x = -11*n + 237371, 4*n + 251424 = 3*x + 73359. Is x composite?
False
Suppose -2*g - 9687 = -3*d, -61*d - 4*g - 12920 = -65*d. Is d a composite number?
True
Let w(h) = -19*h**3 - 7*h**2 - 20*h - 41. Let i(j) = -9*j**3 - 4*j**2 - 11*j - 21. Let s(a) = 13*i(a) - 6*w(a). Is s(-7) a composite number?
False
Let y be (4/10)/(24/(-20))*-6. Suppose -y*z - 6714 = -22570. Suppose z = -6*d + 14*d. Is d a prime number?
True
Suppose 47 + 8 = 11*q. Suppose q*z - 3*s + 5*s = 6, -8 = -5*z - s. Suppose z*l - 1978 = 2368. Is l a composite number?
True
Suppose 0 = -3*m + 8*m - 24035. Let s = -300 + m. Is s composite?
False
Let w(z) = 316*z**3 + 12*z**2 + 12*z + 59. Is w(7) composite?
True
Let m(w) = 3*w + 15. Let l be m(-4). Suppose 0 = 4*b + 3*d, -l*b + d = b. Suppose -5*f + b*f + 105 = 0. Is f a composite number?
True
Suppose 365 = -5*o - 2*u, 5*o - 3*u = 2*u - 400. Is 30/o + ((-1748)/10)/(-2) a composite number?
True
Let g(v) = 2122*v**2 + 38*v - 145. Is g(-12) composite?
True
Suppose 4*h + 3*z = 397120, -h + 4*z + 19840 + 79421 = 0. Is h composite?
False
Is (170 - 169) + 1782*84 prime?
True
Suppose 26*a = 25*a + d + 124596, -622970 = -5*a + 3*d. Is a a prime number?
False
Suppose -3*s + 50360 = m, 67153 = 4*s - 16*m + 11*m. Is s a composite number?
False
Let r be (4 + -3 - 1)/(8/4 + 2). Suppose 0 = 5*p + 2*t - 3649, p - 7 - 712 = -4*t. Suppose r*w - p = -w. Is w a prime number?
False
Suppose -11*y + 6 = -10*y. Is y/(-8) + 4739/4 + 3 prime?
True
Let t = -100261 - -183144. Is t a prime number?
True
Let j be 6/(-8) + 1 - 3/12. Suppose 3*c = -j*c - 5*g + 3929, 4*g = c - 1338. Is c composite?
True
Let g(k) = 15*k**2 + 5*k + 26. Let f be g(-7). Suppose 2*d + 4 = 0, -4*d + 25928 = 5*w - 3*d. Suppose -w = -10*x - f. Is x a prime number?
False
Let m(w) = -w**2 - 16*w - 25. Let f be m(-18). Let k = f + 188. Is k a prime number?
True
Is 3769632/42 + (492/84 - 6) composite?
False
Is (226906/(-3))/((-38)/57) prime?
True
Suppose -9 = -9*o + 216. Suppose -4*w + 104 = -4*r, -5*r + 16 = -4. Suppose w*u = o*u + 10745. Is u a prime number?
False
Suppose -4*j = -3*u + 164, -j + 4*j + 122 = 2*u. Let o = -26 - j. Is 1198 + o/(-3) + 1 prime?
False
Let g(t) be the first derivative of 8*t**3/3 - 11*t**2 - 73*t - 68. Is g(-27) prime?
True
Let y(o) = -2*o**2 + 145*o + 346. Is y(63) prime?
True
Let m(w) = -2*w**3 - 4*w**2 + 6*w - 6. Let k be m(-3). Let r(s) = -18*s**3 + 15*s**2 + 5*s + 23. Is r(k) composite?
False
Let j(u) = -269*u**3 - 2*u**2 + 6*u + 3. Suppose 3 = -4*x - 13. Let n be j(x). Suppose 0 = 5*k + 2*l - n, -k + 5*k - 13737 = 5*l. Is k a composite number?
False
Let y be 21/(-6)*(-4)/7. Suppose -y*g - 3*g = 6*g. Suppose -9*p - 2*p + 5467 = g. Is p composite?
True
Let a(f) = 12*f**3 - 63*f**2 + 11*f + 27. Let u be a(30). Suppose -38*r = -77*r + u. Is r prime?
True
Suppose 33*m + 15846 = -42399. Let t = m + 2852. Is t composite?
False
Let b(l) = 10*l**3 - 12*l**2 + 45*l + 8. Is b(11) prime?
False
Let l = 934 - 2681. Let i = l - -6140. Is i a composite number?
True
Suppose -3*m = -5*s + 39, 3*s - 4*m + 4 = 34. Is (s/(-9))/(6/(-3411)) a prime number?
True
Suppose -13*n - 655640 = -50*n. Let b = 27291 - n. Is b prime?
False
Is 444648 + ((-15)/(-30))/((-3)/6) prime?
False
Is 4156*(2 - 1)/(92/1081) prime?
False
Let i(y) 